{"id":290,"date":"2025-10-13T15:47:53","date_gmt":"2025-10-13T15:47:53","guid":{"rendered":"https:\/\/skr.cloud16.webhome.at\/?page_id=290"},"modified":"2025-11-17T10:17:14","modified_gmt":"2025-11-17T10:17:14","slug":"rico-back","status":"publish","type":"page","link":"https:\/\/skr-ag.com\/de\/ueber-uns\/rico-back\/","title":{"rendered":"Rico Back"},"content":{"rendered":"\n<div class=\"wp-block-group has-global-padding is-layout-constrained wp-block-group-is-layout-constrained\">\n<div class=\"wp-block-group has-global-padding is-layout-constrained wp-container-core-group-is-layout-5ea9e190 wp-block-group-is-layout-constrained\">\n<div class=\"wp-block-webx-blocks-responsive-spacer\" style=\"--desktop-height:100px;--tablet-height:50px;--mobile-height:25px\"><\/div>\n\n\n\n<h1 class=\"wp-block-heading has-text-align-center has-accent-2-color has-text-color has-link-color has-x-large-font-size wp-elements-d2ebf1cf270f74b6651417d663ada4fa\">Rico Back<\/h1>\n\n\n\n<div class=\"wp-block-group is-content-justification-center is-nowrap is-layout-flex wp-container-core-group-is-layout-23441af8 wp-block-group-is-layout-flex\">\n<p class=\"has-text-align-center\"><strong>Managing Partner<\/strong><\/p>\n<\/div>\n\n\n\n<div class=\"wp-block-webx-blocks-responsive-spacer\" style=\"--desktop-height:100px;--tablet-height:50px;--mobile-height:25px\"><\/div>\n<\/div>\n<\/div>\n\n\n\n<div class=\"wp-block-group has-global-padding is-layout-constrained wp-container-core-group-is-layout-0a1f8bec wp-block-group-is-layout-constrained\">\n<div class=\"wp-block-columns is-layout-flex wp-container-core-columns-is-layout-28f84493 wp-block-columns-is-layout-flex\">\n<div class=\"wp-block-column is-layout-flow wp-block-column-is-layout-flow\" style=\"padding-right:var(--wp--preset--spacing--20);padding-left:var(--wp--preset--spacing--20)\">\n<p>Gesch\u00e4ftsmann, Unternehmer und seit \u00fcber drei Jahrzehnten in f\u00fchrenden Positionen in der globalen Logistik- und Paketbranche t\u00e4tig: Rico Back war CEO der Royal Mail Group, CEO des Paketdienstes GLS sowie Mitbegr\u00fcnder und Gesch\u00e4ftsf\u00fchrer von German Parcel.<\/p>\n\n\n\n<p>Unter seiner F\u00fchrung entwickelte die Royal Mail den Strategieplan \u201eJourney 2024\u201c, der dem Unternehmen bis heute die Zukunftsf\u00e4higkeit sichert. Die Royal Mail wandelt sich seither von einem \u00fcberwiegend auf britische Briefsendungen ausgerichteten Postunternehmen zu einem weltweit aufgestellten Logistikunternehmen mit internationalen Paketdienstleistungen und einem Briefgesch\u00e4ft in Gro\u00dfbritannien.<\/p>\n\n\n\n<p>1989 war Rico Back Mitbegr\u00fcnder und Gesch\u00e4ftsf\u00fchrer von German Parcel, einem nationalen Paketdienstleister in Deutschland, der sp\u00e4ter in GLS umbenannt wurde. 1999 managte Rico Back den Verkauf von German Parcel an die Royal Mail, \u00fcbernahm und gr\u00fcndete als CEO der GLS weitere Paketgesellschaften und baute das Netzwerk so europaweit deutlich aus. Unter seiner F\u00fchrung wurde GLS zu einem der f\u00fchrenden Anbieter von Logistik- und Paketdienstleistungen in Kontinentaleuropa sowie Nordamerika und erwirtschaftete einen Umsatz von mehr als 5,6 Milliarden Euro.<\/p>\n\n\n\n<p>Neben seinen umfassenden Kenntnissen und Erfahrungen in der globalen Post- und Paketbranche hat Rico Back \u00fcber 80 Unternehmen erfolgreich \u00fcbernommen und integriert.<\/p>\n<\/div>\n\n\n\n<div class=\"wp-block-column is-layout-flow wp-block-column-is-layout-flow\" style=\"padding-right:var(--wp--preset--spacing--20);padding-left:var(--wp--preset--spacing--20)\">\n<figure class=\"wp-block-image size-full\"><img loading=\"lazy\" decoding=\"async\" width=\"385\" height=\"385\" src=\"https:\/\/skr-ag.com\/wp-content\/uploads\/2025\/10\/Rico-Back_385x385.jpg\" alt=\"\" class=\"wp-image-71\" srcset=\"https:\/\/skr-ag.com\/wp-content\/uploads\/2025\/10\/Rico-Back_385x385.jpg 385w, https:\/\/skr-ag.com\/wp-content\/uploads\/2025\/10\/Rico-Back_385x385-300x300.jpg 300w, https:\/\/skr-ag.com\/wp-content\/uploads\/2025\/10\/Rico-Back_385x385-150x150.jpg 150w\" sizes=\"auto, (max-width: 385px) 100vw, 385px\" \/><\/figure>\n\n\n\n<div class=\"wp-block-webx-blocks-responsive-spacer\" style=\"--desktop-height:25px;--tablet-height:25px;--mobile-height:25px\"><\/div>\n\n\n\n<h2 class=\"wp-block-heading has-accent-2-color has-text-color has-link-color wp-elements-c0978a1f9e274d18c4a62fcdec4b6f26\">Meilensteine<\/h2>\n\n\n\n<hr class=\"wp-block-separator has-text-color has-accent-color has-alpha-channel-opacity has-accent-background-color has-background is-style-left\"\/>\n\n\n\n<div class=\"wp-block-columns is-layout-flex wp-container-core-columns-is-layout-28f84493 wp-block-columns-is-layout-flex\">\n<div class=\"wp-block-column is-vertically-aligned-top is-layout-flow wp-block-column-is-layout-flow\" style=\"flex-basis:33.33%\">\n<p><strong>2024 \u2013 heute<\/strong><\/p>\n<\/div>\n\n\n\n<div class=\"wp-block-column is-vertically-aligned-top is-layout-flow wp-block-column-is-layout-flow\" style=\"flex-basis:66.66%\">\n<p>Aurelius Industries AG, Exekutiv- Vorsitzender des Verwaltungsrats<\/p>\n<\/div>\n<\/div>\n\n\n\n<div class=\"wp-block-columns is-layout-flex wp-container-core-columns-is-layout-28f84493 wp-block-columns-is-layout-flex\">\n<div class=\"wp-block-column is-vertically-aligned-top is-layout-flow wp-block-column-is-layout-flow\" style=\"flex-basis:33.33%\">\n<p><strong>2020 \u2013 heute<\/strong><\/p>\n<\/div>\n\n\n\n<div class=\"wp-block-column is-vertically-aligned-top is-layout-flow wp-block-column-is-layout-flow\" style=\"flex-basis:66.66%\">\n<p>SKR AG, Managing Partner<\/p>\n\n\n\n<p>Tiger Asset Management, Vorsitzender des Aufsichtsrats<\/p>\n\n\n\n<p>Back Enterprises AG, CEO<\/p>\n<\/div>\n<\/div>\n\n\n\n<div class=\"wp-block-columns is-layout-flex wp-container-core-columns-is-layout-28f84493 wp-block-columns-is-layout-flex\">\n<div class=\"wp-block-column is-layout-flow wp-block-column-is-layout-flow\" style=\"flex-basis:33.33%\">\n<p><strong>2016 \u2013 2020<\/strong><\/p>\n<\/div>\n\n\n\n<div class=\"wp-block-column is-layout-flow wp-block-column-is-layout-flow\" style=\"flex-basis:66.66%\">\n<p>Royal Mail Group, zuletzt als CEO<\/p>\n<\/div>\n<\/div>\n\n\n\n<div class=\"wp-block-columns is-layout-flex wp-container-core-columns-is-layout-28f84493 wp-block-columns-is-layout-flex\">\n<div class=\"wp-block-column is-layout-flow wp-block-column-is-layout-flow\" style=\"flex-basis:33.33%\">\n<p><strong>1999 \u2013 2018<\/strong><\/p>\n<\/div>\n\n\n\n<div class=\"wp-block-column is-layout-flow wp-block-column-is-layout-flow\" style=\"flex-basis:66.66%\">\n<p>CEO der GLS General Logistics Systems B.V<\/p>\n<\/div>\n<\/div>\n\n\n\n<div class=\"wp-block-columns is-layout-flex wp-container-core-columns-is-layout-28f84493 wp-block-columns-is-layout-flex\">\n<div class=\"wp-block-column is-layout-flow wp-block-column-is-layout-flow\" style=\"flex-basis:33.33%\">\n<p><strong>1989 \u2013 1999<\/strong><\/p>\n<\/div>\n\n\n\n<div class=\"wp-block-column is-layout-flow wp-block-column-is-layout-flow\" style=\"flex-basis:66.66%\">\n<p>Gr\u00fcndungsmitglied und Gesch\u00e4ftsf\u00fchrer von German Parcel<\/p>\n<\/div>\n<\/div>\n\n\n\n<div class=\"wp-block-webx-blocks-responsive-spacer\" style=\"--desktop-height:50px;--tablet-height:50px;--mobile-height:25px\"><\/div>\n\n\n\n<hr class=\"wp-block-separator has-text-color has-accent-color has-alpha-channel-opacity has-accent-background-color has-background is-style-left\"\/>\n\n\n\n<div class=\"wp-block-webx-blocks-responsive-spacer\" style=\"--desktop-height:50px;--tablet-height:50px;--mobile-height:25px\"><\/div>\n\n\n\n<figure class=\"wp-block-image size-full\"><a href=\"https:\/\/www.linkedin.com\/in\/rico-back-106674237\/\" target=\"_blank\" rel=\" noreferrer noopener\"><img decoding=\"async\" src=\"https:\/\/skr-ag.com\/wp-content\/uploads\/2025\/10\/linkedin-svgrepo-com.svg\" alt=\"\" class=\"wp-image-302\"\/><\/a><\/figure>\n<\/div>\n<\/div>\n<\/div>\n\n\n\n<div class=\"wp-block-webx-blocks-responsive-spacer\" style=\"--desktop-height:100px;--tablet-height:50px;--mobile-height:25px\"><\/div>\n","protected":false},"excerpt":{"rendered":"<p>Rico Back Managing Partner Gesch\u00e4ftsmann, Unternehmer und seit \u00fcber drei Jahrzehnten in f\u00fchrenden Positionen in der globalen Logistik- und Paketbranche t\u00e4tig: Rico Back war CEO der Royal Mail Group, CEO des Paketdienstes GLS sowie Mitbegr\u00fcnder und Gesch\u00e4ftsf\u00fchrer von German Parcel. Unter seiner F\u00fchrung entwickelte die Royal Mail den Strategieplan \u201eJourney 2024\u201c, der dem Unternehmen bis [&hellip;]<\/p>\n","protected":false},"author":1,"featured_media":0,"parent":253,"menu_order":0,"comment_status":"closed","ping_status":"closed","template":"wp-custom-template-page-no-transparent-header","meta":{"footnotes":""},"class_list":["post-290","page","type-page","status-publish","hentry"],"_links":{"self":[{"href":"https:\/\/skr-ag.com\/de\/wp-json\/wp\/v2\/pages\/290","targetHints":{"allow":["GET"]}}],"collection":[{"href":"https:\/\/skr-ag.com\/de\/wp-json\/wp\/v2\/pages"}],"about":[{"href":"https:\/\/skr-ag.com\/de\/wp-json\/wp\/v2\/types\/page"}],"author":[{"embeddable":true,"href":"https:\/\/skr-ag.com\/de\/wp-json\/wp\/v2\/users\/1"}],"replies":[{"embeddable":true,"href":"https:\/\/skr-ag.com\/de\/wp-json\/wp\/v2\/comments?post=290"}],"version-history":[{"count":16,"href":"https:\/\/skr-ag.com\/de\/wp-json\/wp\/v2\/pages\/290\/revisions"}],"predecessor-version":[{"id":5348,"href":"https:\/\/skr-ag.com\/de\/wp-json\/wp\/v2\/pages\/290\/revisions\/5348"}],"up":[{"embeddable":true,"href":"https:\/\/skr-ag.com\/de\/wp-json\/wp\/v2\/pages\/253"}],"wp:attachment":[{"href":"https:\/\/skr-ag.com\/de\/wp-json\/wp\/v2\/media?parent=290"}],"curies":[{"name":"wp","href":"https:\/\/api.w.org\/{rel}","templated":true}]}}

<div class="wp-block-group has-global-padding is-layout-constrained wp-block-group-is-layout-constrained">
<div class="wp-block-group has-global-padding is-layout-constrained wp-container-core-group-is-layout-5ea9e190 wp-block-group-is-layout-constrained">
<div class="wp-block-webx-blocks-responsive-spacer" style="--desktop-height:100px;--tablet-height:50px;--mobile-height:25px"></div>



<h1 class="wp-block-heading has-text-align-center has-accent-2-color has-text-color has-link-color has-x-large-font-size wp-elements-d2ebf1cf270f74b6651417d663ada4fa">Rico Back</h1>



<div class="wp-block-group is-content-justification-center is-nowrap is-layout-flex wp-container-core-group-is-layout-23441af8 wp-block-group-is-layout-flex">
<p class="has-text-align-center"><strong>Managing Partner</strong></p>
</div>



<div class="wp-block-webx-blocks-responsive-spacer" style="--desktop-height:100px;--tablet-height:50px;--mobile-height:25px"></div>
</div>
</div>



<div class="wp-block-group has-global-padding is-layout-constrained wp-container-core-group-is-layout-0a1f8bec wp-block-group-is-layout-constrained">
<div class="wp-block-columns is-layout-flex wp-container-core-columns-is-layout-28f84493 wp-block-columns-is-layout-flex">
<div class="wp-block-column is-layout-flow wp-block-column-is-layout-flow" style="padding-right:var(--wp--preset--spacing--20);padding-left:var(--wp--preset--spacing--20)">
<p>Geschäftsmann, Unternehmer und seit über drei Jahrzehnten in führenden Positionen in der globalen Logistik- und Paketbranche tätig: Rico Back war CEO der Royal Mail Group, CEO des Paketdienstes GLS sowie Mitbegründer und Geschäftsführer von German Parcel.</p>



<p>Unter seiner Führung entwickelte die Royal Mail den Strategieplan „Journey 2024“, der dem Unternehmen bis heute die Zukunftsfähigkeit sichert. Die Royal Mail wandelt sich seither von einem überwiegend auf britische Briefsendungen ausgerichteten Postunternehmen zu einem weltweit aufgestellten Logistikunternehmen mit internationalen Paketdienstleistungen und einem Briefgeschäft in Großbritannien.</p>



<p>1989 war Rico Back Mitbegründer und Geschäftsführer von German Parcel, einem nationalen Paketdienstleister in Deutschland, der später in GLS umbenannt wurde. 1999 managte Rico Back den Verkauf von German Parcel an die Royal Mail, übernahm und gründete als CEO der GLS weitere Paketgesellschaften und baute das Netzwerk so europaweit deutlich aus. Unter seiner Führung wurde GLS zu einem der führenden Anbieter von Logistik- und Paketdienstleistungen in Kontinentaleuropa sowie Nordamerika und erwirtschaftete einen Umsatz von mehr als 5,6 Milliarden Euro.</p>



<p>Neben seinen umfassenden Kenntnissen und Erfahrungen in der globalen Post- und Paketbranche hat Rico Back über 80 Unternehmen erfolgreich übernommen und integriert.</p>
</div>



<div class="wp-block-column is-layout-flow wp-block-column-is-layout-flow" style="padding-right:var(--wp--preset--spacing--20);padding-left:var(--wp--preset--spacing--20)">
<figure class="wp-block-image size-full"><img loading="lazy" decoding="async" width="385" height="385" src="https://skr-ag.com/wp-content/uploads/2025/10/Rico-Back_385x385.jpg" alt="" class="wp-image-71" srcset="https://skr-ag.com/wp-content/uploads/2025/10/Rico-Back_385x385.jpg 385w, https://skr-ag.com/wp-content/uploads/2025/10/Rico-Back_385x385-300x300.jpg 300w, https://skr-ag.com/wp-content/uploads/2025/10/Rico-Back_385x385-150x150.jpg 150w" sizes="auto, (max-width: 385px) 100vw, 385px" /></figure>



<div class="wp-block-webx-blocks-responsive-spacer" style="--desktop-height:25px;--tablet-height:25px;--mobile-height:25px"></div>



<h2 class="wp-block-heading has-accent-2-color has-text-color has-link-color wp-elements-c0978a1f9e274d18c4a62fcdec4b6f26">Meilensteine</h2>



<hr class="wp-block-separator has-text-color has-accent-color has-alpha-channel-opacity has-accent-background-color has-background is-style-left"/>



<div class="wp-block-columns is-layout-flex wp-container-core-columns-is-layout-28f84493 wp-block-columns-is-layout-flex">
<div class="wp-block-column is-vertically-aligned-top is-layout-flow wp-block-column-is-layout-flow" style="flex-basis:33.33%">
<p><strong>2024 – heute</strong></p>
</div>



<div class="wp-block-column is-vertically-aligned-top is-layout-flow wp-block-column-is-layout-flow" style="flex-basis:66.66%">
<p>Aurelius Industries AG, Exekutiv- Vorsitzender des Verwaltungsrats</p>
</div>
</div>



<div class="wp-block-columns is-layout-flex wp-container-core-columns-is-layout-28f84493 wp-block-columns-is-layout-flex">
<div class="wp-block-column is-vertically-aligned-top is-layout-flow wp-block-column-is-layout-flow" style="flex-basis:33.33%">
<p><strong>2020 – heute</strong></p>
</div>



<div class="wp-block-column is-vertically-aligned-top is-layout-flow wp-block-column-is-layout-flow" style="flex-basis:66.66%">
<p>SKR AG, Managing Partner</p>



<p>Tiger Asset Management, Vorsitzender des Aufsichtsrats</p>



<p>Back Enterprises AG, CEO</p>
</div>
</div>



<div class="wp-block-columns is-layout-flex wp-container-core-columns-is-layout-28f84493 wp-block-columns-is-layout-flex">
<div class="wp-block-column is-layout-flow wp-block-column-is-layout-flow" style="flex-basis:33.33%">
<p><strong>2016 – 2020</strong></p>
</div>



<div class="wp-block-column is-layout-flow wp-block-column-is-layout-flow" style="flex-basis:66.66%">
<p>Royal Mail Group, zuletzt als CEO</p>
</div>
</div>



<div class="wp-block-columns is-layout-flex wp-container-core-columns-is-layout-28f84493 wp-block-columns-is-layout-flex">
<div class="wp-block-column is-layout-flow wp-block-column-is-layout-flow" style="flex-basis:33.33%">
<p><strong>1999 – 2018</strong></p>
</div>



<div class="wp-block-column is-layout-flow wp-block-column-is-layout-flow" style="flex-basis:66.66%">
<p>CEO der GLS General Logistics Systems B.V</p>
</div>
</div>



<div class="wp-block-columns is-layout-flex wp-container-core-columns-is-layout-28f84493 wp-block-columns-is-layout-flex">
<div class="wp-block-column is-layout-flow wp-block-column-is-layout-flow" style="flex-basis:33.33%">
<p><strong>1989 – 1999</strong></p>
</div>



<div class="wp-block-column is-layout-flow wp-block-column-is-layout-flow" style="flex-basis:66.66%">
<p>Gründungsmitglied und Geschäftsführer von German Parcel</p>
</div>
</div>



<div class="wp-block-webx-blocks-responsive-spacer" style="--desktop-height:50px;--tablet-height:50px;--mobile-height:25px"></div>



<hr class="wp-block-separator has-text-color has-accent-color has-alpha-channel-opacity has-accent-background-color has-background is-style-left"/>



<div class="wp-block-webx-blocks-responsive-spacer" style="--desktop-height:50px;--tablet-height:50px;--mobile-height:25px"></div>



<figure class="wp-block-image size-full"><a href="https://www.linkedin.com/in/rico-back-106674237/" target="_blank" rel=" noreferrer noopener"><img decoding="async" src="https://skr-ag.com/wp-content/uploads/2025/10/linkedin-svgrepo-com.svg" alt="" class="wp-image-302"/></a></figure>
</div>
</div>
</div>



<div class="wp-block-webx-blocks-responsive-spacer" style="--desktop-height:100px;--tablet-height:50px;--mobile-height:25px"></div>

<p>Rico Back Managing Partner Geschäftsmann, Unternehmer und seit über drei Jahrzehnten in führenden Positionen in der globalen Logistik- und Paketbranche tätig: Rico Back war CEO der Royal Mail Group, CEO des Paketdienstes GLS sowie Mitbegründer und Geschäftsführer von German Parcel. Unter seiner Führung entwickelte die Royal Mail den Strategieplan „Journey 2024“, der dem Unternehmen bis [&hellip;]</p>
